{"id":1252,"date":"2026-01-12T15:56:34","date_gmt":"2026-01-12T14:56:34","guid":{"rendered":"https:\/\/www.wuerthleasing.ch\/note-legali\/"},"modified":"2026-03-18T14:17:09","modified_gmt":"2026-03-18T13:17:09","slug":"note-legali","status":"publish","type":"page","link":"https:\/\/www.wuerthleasing.ch\/it\/note-legali\/","title":{"rendered":"Colophon"},"content":{"rendered":"\n<div class=\"wp-block-group is-style-cs-size-2\"><div class=\"wp-block-group__inner-container is-layout-constrained wp-block-group-is-layout-constrained\">\n<h1 class=\"wp-block-heading\">Colophon<\/h1>\n\n\n\n<h2 class=\"wp-block-heading is-style-cs-h3\">1. Nome e indirizzo<\/h2>\n\n\n\n<p>W\u00fcrth Leasing AG<br\/>B\u00e4ndliweg 20<br\/>8048 Zurigo<br\/>Svizzera<br\/><a href=\"https:\/\/www.wuerthleasing.ch\/web\/de\/wuerthleasing\/legal\/impressum.php#\" target=\"_blank\" rel=\"noreferrer noopener\">info@wuerthleasing.ch<\/a><\/p>\n\n\n\n<h2 class=\"wp-block-heading is-style-cs-h3\">2. Amministratore delegato<\/h2>\n\n\n\n<p>Malte Lindberg<\/p>\n\n\n\n<h2 class=\"wp-block-heading is-style-cs-h3\">3. Finalit\u00e0 della raccolta, del trattamento o dell\u2019utilizzo dei dati<\/h2>\n\n\n\n<p>Hai voglia di contribuire a plasmare il futuro di W\u00fcrth Leasing? Come parte del rinomato Gruppo W\u00fcrth e tra i principali fornitori di servizi finanziari in questo settore, attribuiamo grande importanza allo sviluppo personale e professionale dei nostri collaboratori. Entra a far parte del nostro team motivato, che sviluppa soluzioni di finanziamento innovative per i nostri clienti e li aiuta a raggiungere i loro obiettivi.  <\/p>\n\n\n\n<p>Promuoviamo una cultura della comunicazione aperta e diamo valore al lavoro di squadra e alla stima reciproca. Sei pronto a portare le tue idee e il tuo impegno e ad avere successo insieme a noi? <\/p>\n\n\n\n<h2 class=\"wp-block-heading is-style-cs-h3\">4. Categorie di persone interessate<\/h2>\n\n\n\n<h3 class=\"wp-block-heading is-style-cs-h4\">4.1 Collaboratori<\/h3>\n\n\n\n<ul class=\"wp-block-list\">\n<li>Collaboratori attuali<\/li>\n\n\n\n<li>Ex collaboratori<\/li>\n\n\n\n<li>Candidati<\/li>\n<\/ul>\n\n\n\n<h3 class=\"wp-block-heading is-style-cs-h4\">4.2 Cliente<\/h3>\n\n\n\n<ul class=\"wp-block-list\">\n<li>Clienti<\/li>\n\n\n\n<li>Interessati<\/li>\n<\/ul>\n\n\n\n<h3 class=\"wp-block-heading is-style-cs-h4\">4.3 Fornitori<\/h3>\n\n\n\n<ul class=\"wp-block-list\">\n<li>Fornitori di servizi<\/li>\n\n\n\n<li>Fornitori<\/li>\n\n\n\n<li>Spedizionieri<\/li>\n<\/ul>\n\n\n\n<p>I dati in questione comprendono tutti i dati personali necessari per il conseguimento della rispettiva finalit\u00e0.<\/p>\n\n\n\n<h2 class=\"wp-block-heading is-style-cs-h3\">5. Potenziali destinatari in caso di trasferimento dei dati<\/h2>\n\n\n\n<p>Nell\u2019ambito della verifica della solvibilit\u00e0 e per l\u2019esecuzione del contratto, i potenziali destinatari dei dati personali trasmessi sono:<\/p>\n\n\n\n<ul class=\"wp-block-list\">\n<li>Enti pubblici o autorit\u00e0, qualora sussista un obbligo di legge<\/li>\n\n\n\n<li>Agenzie di informazioni commerciali, intermediari del credito, datori di lavoro, unit\u00e0 all\u2019interno del Gruppo W\u00fcrth Leasing<\/li>\n\n\n\n<li>Centrale d\u2019informazione sul credito (ZEK) e Centro d\u2019informazione sul credito al consumo (IKO)<\/li>\n\n\n\n<li>Non \u00e8 prevista alcuna ulteriore comunicazione di dati personali e pertanto non avviene.<\/li>\n<\/ul>\n\n\n\n<h2 class=\"wp-block-heading is-style-cs-h3\">6. Termini ordinari per la cancellazione<\/h2>\n\n\n\n<p>La cancellazione dei dati personali avviene secondo le rispettive disposizioni di legge o contrattuali applicabili in materia di cancellazione dei dati, tenendo conto degli obblighi di conservazione previsti dalla legge o dal contratto.<\/p>\n\n\n\n<h2 class=\"wp-block-heading is-style-cs-h3\">7. Trasferimento dei dati previsto verso Paesi terzi<\/h2>\n\n\n\n<p>Qualora si rendessero necessari trasferimenti di dati verso Paesi terzi, ci\u00f2 avverr\u00e0 esclusivamente per la conclusione o l\u2019esecuzione di contratti, nella misura in cui l\u2019interesse meritevole di tutela dell\u2019interessato non vi si opponga. Nel bilanciamento degli interessi delle persone interessate e delle parti contrattuali si applica sempre un criterio rigoroso a favore dell\u2019interessato. <\/p>\n\n\n\n<h2 class=\"wp-block-heading is-style-cs-h3\">Autore<\/h2>\n\n\n\n<p><a href=\"https:\/\/www.fahrenheit.ch\">Agenzia WordPress fahrenheit<\/a><\/p>\n<\/div><\/div>\n","protected":false},"excerpt":{"rendered":"<p>Colophon 1. Nome e indirizzo W\u00fcrth Leasing AGB\u00e4ndliweg 208048 ZurigoSvizzerainfo@wuerthleasing.ch 2. Amministratore delegato Malte Lindberg 3. Finalit\u00e0 della raccolta, del trattamento o dell\u2019utilizzo dei dati Hai voglia di contribuire a plasmare il&hellip;<\/p>\n","protected":false},"author":1,"featured_media":0,"parent":0,"menu_order":910,"comment_status":"closed","ping_status":"closed","template":"","meta":{"_acf_changed":false,"content-type":"","footnotes":""},"class_list":["post-1252","page","type-page","status-publish","hentry"],"acf":[],"yoast_head":"<!-- This site is optimized with the Yoast SEO plugin v27.1.1 - https:\/\/yoast.com\/product\/yoast-seo-wordpress\/ -->\n<title>Colophon | W\u00fcrth Leasing<\/title>\n<meta name=\"robots\" content=\"index, follow, max-snippet:-1, max-image-preview:large, max-video-preview:-1\" \/>\n<link rel=\"canonical\" href=\"https:\/\/www.wuerthleasing.ch\/it\/note-legali\/\" \/>\n<meta property=\"og:locale\" content=\"it_IT\" \/>\n<meta property=\"og:type\" content=\"article\" \/>\n<meta property=\"og:title\" content=\"Colophon | W\u00fcrth Leasing\" \/>\n<meta property=\"og:description\" content=\"Colophon 1. Nome e indirizzo W\u00fcrth Leasing AGB\u00e4ndliweg 208048 ZurigoSvizzerainfo@wuerthleasing.ch 2. Amministratore delegato Malte Lindberg 3. Finalit\u00e0 della raccolta, del trattamento o dell\u2019utilizzo dei dati Hai voglia di contribuire a plasmare il&hellip;\" \/>\n<meta property=\"og:url\" content=\"https:\/\/www.wuerthleasing.ch\/it\/note-legali\/\" \/>\n<meta property=\"og:site_name\" content=\"W\u00fcrth Leasing\" \/>\n<meta property=\"article:modified_time\" content=\"2026-03-18T13:17:09+00:00\" \/>\n<meta name=\"twitter:card\" content=\"summary_large_image\" \/>\n<script type=\"application\/ld+json\" class=\"yoast-schema-graph\">{\"@context\":\"https:\/\/schema.org\",\"@graph\":[{\"@type\":\"WebPage\",\"@id\":\"https:\/\/www.wuerthleasing.ch\/it\/note-legali\/\",\"url\":\"https:\/\/www.wuerthleasing.ch\/it\/note-legali\/\",\"name\":\"Colophon | W\u00fcrth Leasing\",\"isPartOf\":{\"@id\":\"https:\/\/www.wuerthleasing.ch\/it\/#website\"},\"datePublished\":\"2026-01-12T14:56:34+00:00\",\"dateModified\":\"2026-03-18T13:17:09+00:00\",\"breadcrumb\":{\"@id\":\"https:\/\/www.wuerthleasing.ch\/it\/note-legali\/#breadcrumb\"},\"inLanguage\":\"it-IT\",\"potentialAction\":[{\"@type\":\"ReadAction\",\"target\":[\"https:\/\/www.wuerthleasing.ch\/it\/note-legali\/\"]}]},{\"@type\":\"BreadcrumbList\",\"@id\":\"https:\/\/www.wuerthleasing.ch\/it\/note-legali\/#breadcrumb\",\"itemListElement\":[{\"@type\":\"ListItem\",\"position\":1,\"name\":\"Home\",\"item\":\"https:\/\/www.wuerthleasing.ch\/it\/\"},{\"@type\":\"ListItem\",\"position\":2,\"name\":\"Colophon\"}]},{\"@type\":\"WebSite\",\"@id\":\"https:\/\/www.wuerthleasing.ch\/it\/#website\",\"url\":\"https:\/\/www.wuerthleasing.ch\/it\/\",\"name\":\"W\u00fcrth Leasing\",\"description\":\"\",\"publisher\":{\"@id\":\"https:\/\/www.wuerthleasing.ch\/it\/#organization\"},\"potentialAction\":[{\"@type\":\"SearchAction\",\"target\":{\"@type\":\"EntryPoint\",\"urlTemplate\":\"https:\/\/www.wuerthleasing.ch\/it\/?s={search_term_string}\"},\"query-input\":{\"@type\":\"PropertyValueSpecification\",\"valueRequired\":true,\"valueName\":\"search_term_string\"}}],\"inLanguage\":\"it-IT\"},{\"@type\":\"Organization\",\"@id\":\"https:\/\/www.wuerthleasing.ch\/it\/#organization\",\"name\":\"W\u00fcrth Leasing\",\"url\":\"https:\/\/www.wuerthleasing.ch\/it\/\",\"logo\":{\"@type\":\"ImageObject\",\"inLanguage\":\"it-IT\",\"@id\":\"https:\/\/www.wuerthleasing.ch\/it\/#\/schema\/logo\/image\/\",\"url\":\"https:\/\/www.wuerthleasing.ch\/wp-content\/uploads\/2026\/03\/wuerth-leasing-logo.png\",\"contentUrl\":\"https:\/\/www.wuerthleasing.ch\/wp-content\/uploads\/2026\/03\/wuerth-leasing-logo.png\",\"width\":598,\"height\":63,\"caption\":\"W\u00fcrth Leasing\"},\"image\":{\"@id\":\"https:\/\/www.wuerthleasing.ch\/it\/#\/schema\/logo\/image\/\"},\"sameAs\":[\"https:\/\/linkedin.com\/company\/wrth-leasing-ag\"]}]}<\/script>\n<!-- \/ Yoast SEO plugin. -->","yoast_head_json":{"title":"Colophon | W\u00fcrth Leasing","robots":{"index":"index","follow":"follow","max-snippet":"max-snippet:-1","max-image-preview":"max-image-preview:large","max-video-preview":"max-video-preview:-1"},"canonical":"https:\/\/www.wuerthleasing.ch\/it\/note-legali\/","og_locale":"it_IT","og_type":"article","og_title":"Colophon | W\u00fcrth Leasing","og_description":"Colophon 1. Nome e indirizzo W\u00fcrth Leasing AGB\u00e4ndliweg 208048 ZurigoSvizzerainfo@wuerthleasing.ch 2. Amministratore delegato Malte Lindberg 3. Finalit\u00e0 della raccolta, del trattamento o dell\u2019utilizzo dei dati Hai voglia di contribuire a plasmare il&hellip;","og_url":"https:\/\/www.wuerthleasing.ch\/it\/note-legali\/","og_site_name":"W\u00fcrth Leasing","article_modified_time":"2026-03-18T13:17:09+00:00","twitter_card":"summary_large_image","schema":{"@context":"https:\/\/schema.org","@graph":[{"@type":"WebPage","@id":"https:\/\/www.wuerthleasing.ch\/it\/note-legali\/","url":"https:\/\/www.wuerthleasing.ch\/it\/note-legali\/","name":"Colophon | W\u00fcrth Leasing","isPartOf":{"@id":"https:\/\/www.wuerthleasing.ch\/it\/#website"},"datePublished":"2026-01-12T14:56:34+00:00","dateModified":"2026-03-18T13:17:09+00:00","breadcrumb":{"@id":"https:\/\/www.wuerthleasing.ch\/it\/note-legali\/#breadcrumb"},"inLanguage":"it-IT","potentialAction":[{"@type":"ReadAction","target":["https:\/\/www.wuerthleasing.ch\/it\/note-legali\/"]}]},{"@type":"BreadcrumbList","@id":"https:\/\/www.wuerthleasing.ch\/it\/note-legali\/#breadcrumb","itemListElement":[{"@type":"ListItem","position":1,"name":"Home","item":"https:\/\/www.wuerthleasing.ch\/it\/"},{"@type":"ListItem","position":2,"name":"Colophon"}]},{"@type":"WebSite","@id":"https:\/\/www.wuerthleasing.ch\/it\/#website","url":"https:\/\/www.wuerthleasing.ch\/it\/","name":"W\u00fcrth Leasing","description":"","publisher":{"@id":"https:\/\/www.wuerthleasing.ch\/it\/#organization"},"potentialAction":[{"@type":"SearchAction","target":{"@type":"EntryPoint","urlTemplate":"https:\/\/www.wuerthleasing.ch\/it\/?s={search_term_string}"},"query-input":{"@type":"PropertyValueSpecification","valueRequired":true,"valueName":"search_term_string"}}],"inLanguage":"it-IT"},{"@type":"Organization","@id":"https:\/\/www.wuerthleasing.ch\/it\/#organization","name":"W\u00fcrth Leasing","url":"https:\/\/www.wuerthleasing.ch\/it\/","logo":{"@type":"ImageObject","inLanguage":"it-IT","@id":"https:\/\/www.wuerthleasing.ch\/it\/#\/schema\/logo\/image\/","url":"https:\/\/www.wuerthleasing.ch\/wp-content\/uploads\/2026\/03\/wuerth-leasing-logo.png","contentUrl":"https:\/\/www.wuerthleasing.ch\/wp-content\/uploads\/2026\/03\/wuerth-leasing-logo.png","width":598,"height":63,"caption":"W\u00fcrth Leasing"},"image":{"@id":"https:\/\/www.wuerthleasing.ch\/it\/#\/schema\/logo\/image\/"},"sameAs":["https:\/\/linkedin.com\/company\/wrth-leasing-ag"]}]}},"_links":{"self":[{"href":"https:\/\/www.wuerthleasing.ch\/it\/wp-json\/wp\/v2\/pages\/1252","targetHints":{"allow":["GET"]}}],"collection":[{"href":"https:\/\/www.wuerthleasing.ch\/it\/wp-json\/wp\/v2\/pages"}],"about":[{"href":"https:\/\/www.wuerthleasing.ch\/it\/wp-json\/wp\/v2\/types\/page"}],"author":[{"embeddable":true,"href":"https:\/\/www.wuerthleasing.ch\/it\/wp-json\/wp\/v2\/users\/1"}],"replies":[{"embeddable":true,"href":"https:\/\/www.wuerthleasing.ch\/it\/wp-json\/wp\/v2\/comments?post=1252"}],"version-history":[{"count":3,"href":"https:\/\/www.wuerthleasing.ch\/it\/wp-json\/wp\/v2\/pages\/1252\/revisions"}],"predecessor-version":[{"id":1873,"href":"https:\/\/www.wuerthleasing.ch\/it\/wp-json\/wp\/v2\/pages\/1252\/revisions\/1873"}],"wp:attachment":[{"href":"https:\/\/www.wuerthleasing.ch\/it\/wp-json\/wp\/v2\/media?parent=1252"}],"curies":[{"name":"wp","href":"https:\/\/api.w.org\/{rel}","templated":true}]}}

<div class="wp-block-group is-style-cs-size-2"><div class="wp-block-group__inner-container is-layout-constrained wp-block-group-is-layout-constrained">
<h1 class="wp-block-heading">Colophon</h1>



<h2 class="wp-block-heading is-style-cs-h3">1. Nome e indirizzo</h2>



<p>Würth Leasing AG<br/>Bändliweg 20<br/>8048 Zurigo<br/>Svizzera<br/><a href="https://www.wuerthleasing.ch/web/de/wuerthleasing/legal/impressum.php#" target="_blank" rel="noreferrer noopener">info@wuerthleasing.ch</a></p>



<h2 class="wp-block-heading is-style-cs-h3">2. Amministratore delegato</h2>



<p>Malte Lindberg</p>



<h2 class="wp-block-heading is-style-cs-h3">3. Finalità della raccolta, del trattamento o dell’utilizzo dei dati</h2>



<p>Hai voglia di contribuire a plasmare il futuro di Würth Leasing? Come parte del rinomato Gruppo Würth e tra i principali fornitori di servizi finanziari in questo settore, attribuiamo grande importanza allo sviluppo personale e professionale dei nostri collaboratori. Entra a far parte del nostro team motivato, che sviluppa soluzioni di finanziamento innovative per i nostri clienti e li aiuta a raggiungere i loro obiettivi.  </p>



<p>Promuoviamo una cultura della comunicazione aperta e diamo valore al lavoro di squadra e alla stima reciproca. Sei pronto a portare le tue idee e il tuo impegno e ad avere successo insieme a noi? </p>



<h2 class="wp-block-heading is-style-cs-h3">4. Categorie di persone interessate</h2>



<h3 class="wp-block-heading is-style-cs-h4">4.1 Collaboratori</h3>



<ul class="wp-block-list">
<li>Collaboratori attuali</li>



<li>Ex collaboratori</li>



<li>Candidati</li>
</ul>



<h3 class="wp-block-heading is-style-cs-h4">4.2 Cliente</h3>



<ul class="wp-block-list">
<li>Clienti</li>



<li>Interessati</li>
</ul>



<h3 class="wp-block-heading is-style-cs-h4">4.3 Fornitori</h3>



<ul class="wp-block-list">
<li>Fornitori di servizi</li>



<li>Fornitori</li>



<li>Spedizionieri</li>
</ul>



<p>I dati in questione comprendono tutti i dati personali necessari per il conseguimento della rispettiva finalità.</p>



<h2 class="wp-block-heading is-style-cs-h3">5. Potenziali destinatari in caso di trasferimento dei dati</h2>



<p>Nell’ambito della verifica della solvibilità e per l’esecuzione del contratto, i potenziali destinatari dei dati personali trasmessi sono:</p>



<ul class="wp-block-list">
<li>Enti pubblici o autorità, qualora sussista un obbligo di legge</li>



<li>Agenzie di informazioni commerciali, intermediari del credito, datori di lavoro, unità all’interno del Gruppo Würth Leasing</li>



<li>Centrale d’informazione sul credito (ZEK) e Centro d’informazione sul credito al consumo (IKO)</li>



<li>Non è prevista alcuna ulteriore comunicazione di dati personali e pertanto non avviene.</li>
</ul>



<h2 class="wp-block-heading is-style-cs-h3">6. Termini ordinari per la cancellazione</h2>



<p>La cancellazione dei dati personali avviene secondo le rispettive disposizioni di legge o contrattuali applicabili in materia di cancellazione dei dati, tenendo conto degli obblighi di conservazione previsti dalla legge o dal contratto.</p>



<h2 class="wp-block-heading is-style-cs-h3">7. Trasferimento dei dati previsto verso Paesi terzi</h2>



<p>Qualora si rendessero necessari trasferimenti di dati verso Paesi terzi, ciò avverrà esclusivamente per la conclusione o l’esecuzione di contratti, nella misura in cui l’interesse meritevole di tutela dell’interessato non vi si opponga. Nel bilanciamento degli interessi delle persone interessate e delle parti contrattuali si applica sempre un criterio rigoroso a favore dell’interessato. </p>



<h2 class="wp-block-heading is-style-cs-h3">Autore</h2>



<p><a href="https://www.fahrenheit.ch">Agenzia WordPress fahrenheit</a></p>
</div></div>

<p>Colophon 1. Nome e indirizzo Würth Leasing AGBändliweg 208048 ZurigoSvizzerainfo@wuerthleasing.ch 2. Amministratore delegato Malte Lindberg 3. Finalità della raccolta, del trattamento o dell’utilizzo dei dati Hai voglia di contribuire a plasmare il&hellip;</p>

<!-- This site is optimized with the Yoast SEO plugin v27.1.1 - https://yoast.com/product/yoast-seo-wordpress/ -->
<title>Colophon | Würth Leasing</title>
<meta name="robots" content="index, follow, max-snippet:-1, max-image-preview:large, max-video-preview:-1" />
<link rel="canonical" href="https://www.wuerthleasing.ch/it/note-legali/" />
<meta property="og:locale" content="it_IT" />
<meta property="og:type" content="article" />
<meta property="og:title" content="Colophon | Würth Leasing" />
<meta property="og:description" content="Colophon 1. Nome e indirizzo Würth Leasing AGBändliweg 208048 ZurigoSvizzerainfo@wuerthleasing.ch 2. Amministratore delegato Malte Lindberg 3. Finalità della raccolta, del trattamento o dell’utilizzo dei dati Hai voglia di contribuire a plasmare il&hellip;" />
<meta property="og:url" content="https://www.wuerthleasing.ch/it/note-legali/" />
<meta property="og:site_name" content="Würth Leasing" />
<meta property="article:modified_time" content="2026-03-18T13:17:09+00:00" />
<meta name="twitter:card" content="summary_large_image" />
<script type="application/ld+json" class="yoast-schema-graph">{"@context":"https://schema.org","@graph":[{"@type":"WebPage","@id":"https://www.wuerthleasing.ch/it/note-legali/","url":"https://www.wuerthleasing.ch/it/note-legali/","name":"Colophon | Würth Leasing","isPartOf":{"@id":"https://www.wuerthleasing.ch/it/#website"},"datePublished":"2026-01-12T14:56:34+00:00","dateModified":"2026-03-18T13:17:09+00:00","breadcrumb":{"@id":"https://www.wuerthleasing.ch/it/note-legali/#breadcrumb"},"inLanguage":"it-IT","potentialAction":[{"@type":"ReadAction","target":["https://www.wuerthleasing.ch/it/note-legali/"]}]},{"@type":"BreadcrumbList","@id":"https://www.wuerthleasing.ch/it/note-legali/#breadcrumb","itemListElement":[{"@type":"ListItem","position":1,"name":"Home","item":"https://www.wuerthleasing.ch/it/"},{"@type":"ListItem","position":2,"name":"Colophon"}]},{"@type":"WebSite","@id":"https://www.wuerthleasing.ch/it/#website","url":"https://www.wuerthleasing.ch/it/","name":"Würth Leasing","description":"","publisher":{"@id":"https://www.wuerthleasing.ch/it/#organization"},"potentialAction":[{"@type":"SearchAction","target":{"@type":"EntryPoint","urlTemplate":"https://www.wuerthleasing.ch/it/?s={search_term_string}"},"query-input":{"@type":"PropertyValueSpecification","valueRequired":true,"valueName":"search_term_string"}}],"inLanguage":"it-IT"},{"@type":"Organization","@id":"https://www.wuerthleasing.ch/it/#organization","name":"Würth Leasing","url":"https://www.wuerthleasing.ch/it/","logo":{"@type":"ImageObject","inLanguage":"it-IT","@id":"https://www.wuerthleasing.ch/it/#/schema/logo/image/","url":"https://www.wuerthleasing.ch/wp-content/uploads/2026/03/wuerth-leasing-logo.png","contentUrl":"https://www.wuerthleasing.ch/wp-content/uploads/2026/03/wuerth-leasing-logo.png","width":598,"height":63,"caption":"Würth Leasing"},"image":{"@id":"https://www.wuerthleasing.ch/it/#/schema/logo/image/"},"sameAs":["https://linkedin.com/company/wrth-leasing-ag"]}]}</script>
<!-- / Yoast SEO plugin. -->

Colophon | Würth Leasing

Colophon 1. Nome e indirizzo Würth Leasing AGBändliweg 208048 ZurigoSvizzerainfo@wuerthleasing.ch 2. Amministratore delegato Malte Lindberg 3. Finalità della raccolta, del trattamento o dell’utilizzo dei dati Hai voglia di contribuire a plasmare il&hellip;

Würth Leasing
